11 = 0. Let k(m) = -m**3 - 6*m**2 + 2*m + 7. Let y be k(-6). What are the prime factors of (-7)/35 - h/y?
2
Suppose f + 2*f - 192 = 0. Suppose c - 3*a - f = 0, 43 = c + a + 3*a. Suppose 0 = -2*k - 4*i + 32, -k + i + c = 3*k. List the prime factors of k.
2, 7
Suppose 0 = 3*i - m - 4, 2*i + 0*m = 5*m + 20. Let t = 6 - i. What are the prime factors of t?
2, 3
Suppose -5*w - 2 = -4*w. Let k be 42/(-7)*(-5)/w. What are the prime factors of (-207)/k + 2/10?
2, 7
Let u(b) = -b**3 - 10*b**2 + 1. Let d(j) = -3*j**3 - 29*j**2 + 4. Let i(p) = -3*d(p) + 8*u(p). Let w be i(-7). What are the prime factors of 27*(-1 - w/3)?
3
Let t be (4/10)/(1/5). Suppose -u + 2 = 2*z, t*u + 3*z = -0*u + 4. List the prime factors of (-21)/(-12) - u/(-8).
2
Let z = 23 + -14. List the prime factors of z.
3
Suppose 4*m = 5*c + 150, -4*c = -9*c + 10. List the prime factors of m.
2, 5
Let t be (-15)/6*-3*6. Suppose -s + t = 5*w, 0*s + 5*s - 133 = -2*w. List the prime factors of s.
5
Suppose 2*t + 3*j - 62 = 0, -j = 4*t - 0*j - 144. Let v = 15 - t. Let u = -11 - v. What are the prime factors of u?
11
Suppose 4*a + 0*f - 5*f = 59, 3*f - 83 = -5*a. Suppose -g - 3*g = -a. Suppose 4*t + 4 = k, 3*k - 5*t = g + 15. What are the prime factors of k?
2
Suppose 3*z - 92 = 46. List the prime factors of z.
2, 23
Let r be -2*(3 - 2)*-2. Suppose j = l + 6*j - 19, -r*l - j = -19. List the prime factors of l.
2
Let s(u) = 2*u**3 + 16*u**2 + 13*u + 9. What are the prime factors of s(-7)?
2
Let v(g) = -34*g**3. Let j = -11 - -10. List the prime factors of v(j).
2, 17
Let i(q) be the third derivative of q**5/60 + q**4/12 + q**3/6 + 3*q**2. List the prime factors of i(-6).
5
Suppose -3*l + 137 + 4 = 0. What are the prime factors of l?
47
Let o(q) = -q**2 - 12*q + 13. Suppose 20 = -3*p - 3*d - 2*d, -d = 5*p + 48. List the prime factors of o(p).
3, 11
List the prime factors of (-200)/(-6) + 10/(-30).
3, 11
Suppose -25 = 3*u + 2*u. Let l be u/(-2) - (-12)/8. Suppose 7 = 4*v - 0*n - n, 4*n = -l*v + 32. List the prime factors of v.
3
Let o(z) = 6*z + 3*z**2 + z - 4*z**2 - 1. Let w = 4 - 1. What are the prime factors of o(w)?
11
Let t = 30 - 2. Let v be t/21*(4 + -1). Suppose -3*n + 3*z - 36 = -6*n, -v*z = -4*n + 56. List the prime factors of n.
13
Let c(a) = 9*a. Let h = 0 + 1. Let w be c(h). Let r = w + 0. List the prime factors of r.
3
Let g = 0 + 10. What are the prime factors of g?
2, 5
Let f = 17 + -26. Let a(q) = -q + 1. Let c be a(f). Suppose c = b + 3. List the prime factors of b.
7
List the prime factors of -5 + (1 - -2) + (5 - -122).
5
Let g(y) = -3*y**3 - 5*y**2 - y - 2. What are the prime factors of g(-2)?
2
Suppose 564 - 1428 = -6*q. List the prime factors of q.
2, 3
Let h(n) = -n**3 - 6*n**2 - n - 7. Let j be h(-6). Let c = j + 11. List the prime factors of c.
2, 5
List the prime factors of 484/(-11)*2/(-4).
2, 11
Let f = -6 + 6. Let i(q) = q**2 - q + 9. List the prime factors of i(f).
3
Let q(w) = -3*w - 4. Let l be q(-3). Suppose 3*z = l + 10. Suppose 5*o + z = n, -3*n + 51 = 2*n + o. What are the prime factors of n?
2, 5
Suppose 2*f + 3*b = -f + 72, 5*f - 4*b - 84 = 0. Suppose -3*a + 127 = -f. List the prime factors of a.
7
Suppose -6*l = -10*l - 4. Suppose -4*h + 0*o + 3*o - 7 = 0, o + 5 = 5*h. What are the prime factors of h*l*(0 + -2)?
2
What are the prime factors of 2/11 + 229/11?
3, 7
Suppose 0 = -j + 4*z + 11, 4*j + 5*z + 3 = 5. Suppose j*x = x + 12. List the prime factors of x.
2, 3
Suppose f - 31 = 4*j, -f + 0*f - 33 = 4*j. Let m(k) = k**2 + 8*k + 4. What are the prime factors of m(j)?
2
Let d be (-128)/(-5) + 44/110. Let t = -9 + d. What are the prime factors of t?
17
Suppose r - 112 = -22. List the prime factors of r.
2, 3, 5
Let w = -86 - -159. What are the prime factors of w?
73
Let z(s) = -14*s - 16. List the prime factors of z(-11).
2, 3, 23
Let x = 11 - 6. Suppose x*w = 3*a - 67, a - 44 = -a + 3*w. List the prime factors of a.
19
Let q(v) be the third derivative of -v**4/12 - v**3/3 + 9*v**2. Let x(d) = d**2 + 7*d + 5. Let o be x(-4). What are the prime factors of q(o)?
2, 3
Let p(f) = 2*f - 2. Let m(c) = -c + 2. Let j(l) = -3*m(l) - 2*p(l). Let g be j(-5). Suppose 4*w - g = 5. List the prime factors of w.
2
Let r be (-32)/(-3)*9/2. Let q = r - 19. List the prime factors of q.
29
Let o = -1 - -1. Suppose o = -2*p + 2*r + 3*r - 7, -3*r + 9 = 0. What are the prime factors of p?
2
Let g(k) = k**3 + 12*k**2 - k + 13. What are the prime factors of g(-12)?
5
Suppose 0 = -0*v - 5*v. Suppose -3*r - 2 + 11 = v. What are the prime factors of r?
3
Let b = 7 - 6. Suppose 4*o - 7 = -q, -1 = -q - 5*o + b. List the prime factors of q.
3
Suppose 3*a + 2*a = 0. Suppose a*s - 4*q = -2*s, 0 = 2*s + 2*q. Suppose 10 = -s*g + g. What are the prime factors of g?
2, 5
Suppose 3*n - 5*z = -28, -n + 12 = -4*n - 3*z. Let o be ((-60)/24)/(2/(-8)). Let b = o + n. List the prime factors of b.
2
Suppose -4*f - 4*s + 28 = 0, -4*f - 10 = s - 32. Suppose 0 = -f*a - 3 + 28. Suppose -a*q = -3*q - 18. List the prime factors of q.
3
Let k be (2 - 1) + (-1)/(-1). Let a = 0 + k. What are the prime factors of (1 - a/8)*4?
3
Let m = 291 + -189. What are the prime factors of m?
2, 3, 17
Let k(j) = 42*j**3 - 2*j + 1. Suppose -4*c = -16, -4*c + 14 = 2*f - c. List the prime factors of k(f).
41
Suppose k = -k + 30. Let c = 22 - k. What are the prime factors of c?
7
Let d(o) = 2*o**2 - o. Suppose 0 = 2*a - 0*a + 4. What are the prime factors of d(a)?
2, 5
Let z = 54 + -26. List the prime factors of z.
2, 7
Let l(d) = -d**3 + 4*d**2 - 4*d + 5. Let p be l(4). What are the prime factors of p/(-2) - 4/8?
5
Suppose -5*a - 3 = -18. Let d be (-3 + 2)*a/(-1). Suppose n + 4*k - 13 = k, 5*n - 29 = -d*k. List the prime factors of n.
2
Suppose 5*r - 12 = -t, 4*t = -4*r + t + 3. Suppose -78 = -r*z + z. List the prime factors of z.
3, 13
Let n(g) = -g**2 - 4*g + 3. Let b be n(2). What are the prime factors of (-1)/4*(b + 1)?
2
Let u(y) = 7*y**2 + y. Let n(c) = 8*c**2 + c. Let x = -5 - -10. Let a(h) = x*u(h) - 4*n(h). What are the prime factors of a(-2)?
2, 5
Let d = 7 - 2. Suppose w + 1 = -0*w - 3*g, 2*w + d*g + 1 = 0. What are the prime factors of w/(-10) + 102/10?
2, 5
Let f be (27/(-45))/(1/(-5)). Let k = 5 - f. List the prime factors of k.
2
Suppose -a - 14 = -3*a - 4*j, -3*a = j - 6. Let s be (2 + (-2 - 0))/a. Let q(p) = -p + 12. What are the prime factors of q(s)?
2, 3
List the prime factors of 2*(-4)/(-8) + 136.
137
Let u(n) = -n**2 + 4*n + 2. Let f be u(4). Suppose k - 5*o = 0, k + 18 = f*k + 4*o. What are the prime factors of k?
2, 5
List the prime factors of (-6)/(-18) - (-278)/3.
3, 31
Let v(j) = -4*j + 3*j - 2*j. Suppose 4*p + 2*o + 28 = 2, -5 = -5*p + 5*o. What are the prime factors of v(p)?
2, 3
Let s be -1*(-3 - (-1 - -3)). Suppose -s*y + 9 = -4*y. List the prime factors of y.
3
Let l(u) = -u**3 + 10*u**2 + 11*u - 7. Let k(q) = q**3 + 5*q**2 - 9*q - 7. Let i be k(-6). Let o be l(i). Let r(c) = -c + 6. What are the prime factors of r(o)?
13
Suppose a = 3*a - 16. Suppose -n - 14 = 5*x, 3*n - 20 = -x + a. What are the prime factors of n?
11
Let q be (-9)/(-2)*(1 - -5). Suppose 0 = -3*h + 5*u - q, 26 = -h - 2*u - 2*u. List the prime factors of (-52)/(-14) - h/49.
2
Let j(n) = n + 21. What are the prime factors of j(-15)?
2, 3
Let v(r) = r**2 + 6*r + 2. Let q(w) = 5*w**3 - w**2 + w + 1. Let c be q(-1). Let f be v(c). Suppose f = b - 6. What are the prime factors of b?
2
Suppose 5*q = -4*a + 48, 2*a + q = a + 12. What are the prime factors of 4/(a/(-9)) - -39?
2, 3
Let v be 14/3 - (-18)/(-27). Suppose 3*b = -5*y + 74, -v*y - 100 = -3*b + 19. List the prime factors of b.
3, 11
List the prime factors of 1914/145*5/2.
3, 11
Let q = 8 - -10. Suppose 5*z + 9 + 26 = 0. Let h = q + z. List the prime factors of h.
11
Suppose t + 0*h - 3 = -4*h, -4*t = 3*h - 51. Let a be (4/(-10))/(3/t). Let k(b) = 3*b**2 + 2*b - 2. What are the prime factors of k(a)?
2, 3
Let z(s) = s**2 + 5*s - 2. Let r be z(4). Suppose -n - 135 + 44 = 3*u, -u - r = 4*n. Let i = -20 - u. List the prime factors of i.
2, 5
Let o be 1 - (-2 + 1)*1. Suppose -20 = -3*t + t - 4*b, -o*b = -4*t + 10. Let v = t + 4. List the prime factors of v.
2
Suppose -3*v - v + 20 = 0. Let c be -1 - 1*(0 - 1). Suppose c = v*h - 5 - 15. List the prime factors of h.
2
Let l be 2*2/4*